by 315.
5
Calculate the remainder when 4908 is divided by 10.
8
Calculate the remainder when 146 is divided by 52.
42
What is the remainder when 55 is divided by 23?
9
What is the remainder when 1732 is divided by 289?
287
What is the remainder when 678 is divided by 241?
196
Calculate the remainder when 1166 is divided by 8.
6
Calculate the remainder when 147 is divided by 117.
30
Calculate the remainder when 3607 is divided by 1200.
7
Calculate the remainder when 426 is divided by 186.
54
Calculate the remainder when 126 is divided by 33.
27
What is the remainder when 523 is divided by 242?
39
What is the remainder when 5770 is divided by 55?
50
Calculate the remainder when 920 is divided by 19.
8
What is the remainder when 733 is divided by 37?
30
Calculate the remainder when 514 is divided by 86.
84
Calculate the remainder when 78 is divided by 73.
5
Calculate the remainder when 204 is divided by 106.
98
What is the remainder when 390 is divided by 22?
16
Calculate the remainder when 77 is divided by 9.
5
What is the remainder when 736 is divided by 108?
88
What is the remainder when 154 is divided by 147?
7
Calculate the remainder when 266 is divided by 40.
26
What is the remainder when 504 is divided by 127?
123
What is the remainder when 525 is divided by 44?
41
Calculate the remainder when 289 is divided by 10.
9
Calculate the remainder when 1053 is divided by 31.
30
Calculate the remainder when 66 is divided by 26.
14
What is the remainder when 117 is divided by 49?
19
What is the remainder when 555 is divided by 83?
57
What is the remainder when 185 is divided by 13?
3
Calculate the remainder when 1106 is divided by 287.
245
Calculate the remainder when 1054 is divided by 33.
31
What is the remainder when 372 is divided by 74?
2
Calculate the remainder when 126 is divided by 39.
9
What is the remainder when 416 is divided by 209?
207
What is the remainder when 221 is divided by 32?
29
What is the remainder when 146 is divided by 17?
10
Calculate the remainder when 190 is divided by 109.
81
Calculate the remainder when 207 is divided by 64.
15
What is the remainder when 57 is divided by 15?
12
Calculate the remainder when 5670 is divided by 93.
90
Calculate the remainder when 296 is divided by 22.
10
What is the remainder when 819 is divided by 22?
5
What is the remainder when 1243 is divided by 314?
301
What is the remainder when 402 is divided by 24?
18
Calculate the remainder when 94 is divided by 87.
7
What is the remainder when 463 is divided by 38?
7
What is the remainder when 527 is divided by 169?
20
What is the remainder when 596 is divided by 296?
4
What is the remainder when 1058 is divided by 75?
8
Calculate the remainder when 230 is divided by 18.
14
What is the remainder when 52 is divided by 3?
1
Calculate the remainder when 1573 is divided by 75.
73
What is the remainder when 501 is divided by 36?
33
What is the remainder when 4843 is divided by 15?
13
What is the remainder when 126 is divided by 29?
10
What is the remainder when 309 is divided by 65?
49
What is the remainder when 858 is divided by 10?
8
Calculate the remainder when 4598 is divided by 10.
8
What is the remainder when 160 is divided by 24?
16
Calculate the remainder when 161 is divided by 38.
9
What is the remainder when 404 is divided by 90?
44
Calculate the remainder when 4 is divided by 3.
1
What is the remainder when 704 is divided by 24?
8
What is the remainder when 254 is divided by 52?
46
What is the remainder when 1988 is divided by 222?
212
What is the remainder when 156 is divided by 35?
16
Calculate the remainder when 1376 is divided by 197.
194
What is the remainder when 3679 is divided by 66?
49
Calculate the remainder when 3992 is divided by 25.
17
What is the remainder when 1533 is divided by 29?
25
Calculate the remainder when 447 is divided by 50.
47
What is the remainder when 176 is divided by 119?
57
Calculate the remainder when 200 is divided by 43.
28
Calculate the remainder when 10425 is divided by 33.
30
Calculate the remainder when 22 is divided by 4.
2
What is the remainder when 2156 is divided by 46?
40
What is the remainder when 429 is divided by 43?
42
Calculate the remainder when 690 is divided by 99.
96
Calculate the remainder when 166 is divided by 63.
40
Calculate the remainder when 14839 is divided by 40.
39
What is the remainder when 249 is divided by 85?
79
Calculate the remainder when 405 is divided by 48.
21
What is the remainder when 1316 is divided by 21?
14
What is the remainder when 31 is divided by 25?
6
What is the remainder when 365 is divided by 46?
43
Calculate the remainder when 133 is divided by 8.
5
Calculate the remainder when 322 is divided by 18.
16
Calculate the remainder when 2479 is divided by 36.
31
Calculate the remainder when 525 is divided by 88.
85
What is the remainder when 192 is divided by 55?
27
What is the remainder when 786 is divided by 29?
3
What is the remainder when 201 is divided by 7?
5
Calculate the remainder when 323 is divided by 18.
17
What is the remainder when 1 is divided by 1?
0
Calculate the remainder when 707 is divided by 40.
27
What is the remainder when 225 is divided by 31?
8
Calculate the remainder when 141 is divided by 16.
13
What is the remainder when 1150 is divided by 196?
170
Calculate the remainder when 2348 is divided by 98.
94
What is the remainder when 3279 is divided by 4?
3
Calculate the remainder when 303 is divided by 55.
28
Calculate the remainder when 269 is divided by 80.
29
What is the remainder when 923 is divided by 33?
32
Calculate the remainder when 323 is divided by 57.
38
Calculate the remainder when 104 is divided by 21.
20
Calculate the remainder when 861 is divided by 120.
21
Calculate the remainder when 581 is divided by 331.
250
Calculate the remainder when 429 is divided by 16.
13
What is the remainder when 249 is divided by 64?
57
Calculate the remainder when 386 is divided by 8.
2
Calculate the remainder when 849 is divided by 12.
9
Calculate the remainder when 86 is divided by 18.
14
What is the remainder when 32 is divided by 22?
10
Calculate the remainder when 424 is divided by 43.
37
Calculate the remainder when 95 is divided by 39.
17
What is the remainder when 162 is divided by 42?
36
What is the remainder when 78 is divided by 23?
9
What is the remainder when 2341 is divided by 71?
69
What is the remainder when 87749 is divided by 234?
233
Calculate the remainder when 427 is divided by 10.
7
Calculate the remainder when 955 is divided by 137.
133
Calculate the remainder when 851 is divided by 198.
59
Calculate the remainder when 51 is divided by 30.
21
Calculate the remainder when 332 is divided by 65.
7
What is the remainder when 125 is divided by 77?
48
What is the remainder when 694 is divided by 56?
22
What is the remainder when 461 is divided by 35?
6
Calculate the remainder when 5358 is divided by 40.
38
What is the remainder when 2318 is divided by 11?
8
Calculate the remainder when 60 is divided by 41.
19
What is the remainder when 1620 is divided by 40?
20
Calculate the remainder when 388 is divided by 137.
114
Calculate the remainder when 666 is divided by 11.
6
Calculate the remainder when 288 is divided by 39.
15
What is the remainder when 862 is divided by 260?
82
What is the remainder when 60 is divided by 12?
0
What is the remainder when 53 is divided by 24?
5
Calculate the remainder when 259 is divided by 29.
27
Calculate the remainder when 528 is divided by 9.
6
What is the remainder when 76 is divided by 24?
4
What is the remainder when 585 is divided by 163?
96
What is the remainder when 253 is divided by 6?
1
Calculate the remainder when 50130 is divided by 17.
14
Calculate the remainder when 489 is divided by 16.
9
Calculate the remainder when 152 is divided by 11.
9
What is the remainder when 797 is divided by 196?
13
What is the remainder when 148 is divided by 15?
13
What is the remainder when 10451 is divided by 12?
11
Calculate the remainder when 405 is divided by 133.
6
Calculate the remainder when 2861 is divided by 921.
98
What is the remainder when 800 is divided by 443?
357
What is the remainder when 8514 is divided by 167?
164
What is the remainder when 305 is divided by 63?
53
What is the rem